- d. Suppose 123 - 7 = 2*h. What is the remainder when h is divided by b?
28
Suppose -5*u + 153 = -2*m, 5*u - m + 0*m = 149. Suppose -6089 = -64*w - 2825. Calculate the remainder when w is divided by u.
22
Suppose 61 - 73 = 3*c. Let o(v) = -v**2 - 9*v - 14. Suppose -u - 4 - 1 = -4*n, 3*n - 3 = u. Calculate the remainder when o(c) is divided by n.
0
Suppose 4*h = 40 + 28. Let t(d) = -d - 12. Let n be t(-13). Calculate the remainder when 44/(-6)*(-8 - n) is divided by h.
15
Let c(a) = a**2 - 43*a + 361. What is the remainder when 12715 is divided by c(11)?
7
Let o = 716 - 659. Suppose -o*f - 216 = -2268. Calculate the remainder when 176 is divided by f.
32
Let o be (9*4)/(177/2360). Let d = o + -414. What is the remainder when 393 is divided by d?
63
Let b be (-11)/22 - 2/4. Let q be (8 - -42) + 0 + b + 2. Suppose 4*s - q = s. Calculate the remainder when 67 is divided by s.
16
Let q = -1264 - -1835. Suppose 11*x - 3*s = 7*x + 319, 158 = 2*x - 2*s. Calculate the remainder when q is divided by x.
79
Let v = -8276 - -12960. What is the remainder when v is divided by 109?
106
Let v(w) = -15*w**2 - 586*w + 23. What is the remainder when 1658 is divided by v(-39)?
46
Calculate the remainder when ((-90)/24)/((-6)/8) - 1402/(-2) is divided by 6.
4
Let w = 8 - -106. Let r(y) = y**2 - 30*y - 34. Let a be 2/(6/(-384)*-4). What is the remainder when w is divided by r(a)?
24
Let u(p) = 355*p**2 - 57*p - 57. What is the remainder when u(-1) is divided by 106?
37
Suppose -3*s - 527 = -x, 4*x = s + 9*x + 165. Let c = s + 191. Let m = -58 - -104. Calculate the remainder when m is divided by c.
14
Suppose -206*y - 460 = -216*y. Let k(a) = 2*a**2 + a + 2. Suppose -6 = -3*f - 0*f. What is the remainder when y is divided by k(f)?
10
Let y be ((-3)/(27/(-6)))/(2/108). Suppose -2*t + y = -5*j, 3*t - t = -5*j + 56. Suppose 15*u = t*u - 848. Calculate the remainder when u is divided by 9.
7
Suppose 38*a + 12 = 35*a. Let u be (0 - (a - -2)) + -14. Let f = 78 + u. Calculate the remainder when f is divided by 18.
12
Let o(y) be the first derivative of 2*y**3/3 - 4*y**2 + 21*y + 9. Calculate the remainder when o(4) is divided by 16.
5
Let x be -1 - -43*(1 + (-1 - -1)). Suppose 2*f - x = b, -b - 2*f - 49 = 5. Let o = b - -58. Calculate the remainder when 24 is divided by o.
4
Let k = 9 + -4. Let o be (80/(-15))/(-4)*6/4. Suppose 168 = o*c + k*c. What is the remainder when 36 is divided by c?
12
Suppose 279 = 8*a - 7*a. Suppose c = 6*c + 2*r - 347, -4*c + a = 3*r. What is the remainder when c is divided by 20?
9
Suppose 0 = -4*a + 2*d + 136, -2*a = 3*d + 54 - 138. Suppose 13*b - 663 + 65 = 0. Suppose -53*k + b*k = -119. Calculate the remainder when a is divided by k.
2
Let q(t) = -3*t**2 + 43*t + 229. Calculate the remainder when 1014 is divided by q(18).
22
Let g = -234 + 242. What is the remainder when ((-54)/(-4))/(g/80) is divided by 41?
12
Let x = 6505 + -6217. What is the remainder when 1162 is divided by x?
10
Let y be 2/((8/116)/(-2) - 0). Let l = y + 63. Calculate the remainder when 67 is divided by l.
2
Suppose -1236 = 13*o + 168. Let p = 120 + o. What is the remainder when 32 is divided by p?
8
Suppose 52*p + 33 = 63*p. Calculate the remainder when (2 - 0 - (p - 0))*-171 is divided by 30.
21
Let j(u) = 19*u**3 - 247*u**2 - 569*u + 5. Calculate the remainder when j(15) is divided by (4/6)/(-1)*-9.
2
Suppose 0 = a + 2, 3*x + 3*a + 0*a - 243 = 0. What is the remainder when 3070 is divided by x?
82
Let m(a) = -2 - a + 0 + 0. Suppose 0 = -2*w + 6, -4*o - 6*w = -5*w + 33. What is the remainder when 16 is divided by m(o)?
2
Suppose 5*m - 5 = 40. Suppose -652 = -20*v + 636 - 528. Calculate the remainder when v is divided by m.
2
Let y(z) = -z**3 + 36*z**2 - 149*z + 253. Calculate the remainder when 442 is divided by y(31).
3
Let r(h) = -h**3 - 6*h**2 + 4*h - 7. Suppose -3*t - 2*g = -251, -23*t + 85 = -22*t + g. Calculate the remainder when t is divided by r(-7).
11
Calculate the remainder when (((-4716)/(-10))/1)/((-1196)/(-2990)) is divided by 292.
11
Let n(x) = 112*x + 835. What is the remainder when n(34) is divided by 108?
107
Suppose 543 = 3*x + 3*i, -5*x + i = -i - 919. Suppose 3*f - s = 177, -x = -3*f - 3*s + 2*s. What is the remainder when f is divided by (-3)/(-2 - 69/(-39))?
8
Let n be 87/(-58) + (-18)/(-4). Let m(r) = -r**3 + 3*r**2 + 2*r - 3. Calculate the remainder when 27 is divided by m(n).
0
Let b(i) = 6*i - 19. Let j be b(4). Suppose j*m = -5*g + 90, 12*m + 2*g = 14*m - 24. Calculate the remainder when 117 is divided by m.
12
Let h(s) = -4*s - 7. Let i be ((-108)/45)/(4/(-15)). Suppose 0 = -i*a + 790 - 124. What is the remainder when a is divided by h(-8)?
24
Suppose 0*p = -p + 24. Suppose -537 - 102 = -11*l + 109. What is the remainder when l is divided by p?
20
Suppose -146846 - 53440 = -18*a. What is the remainder when a is divided by 42?
39
Suppose 4*j - 231 = 3*m - 159, 4*j + m - 40 = 0. Let u = -190 + 367. What is the remainder when u is divided by j?
9
Suppose 4*w - 185 = -3*d, -2*d - 161 = -4*w + 3*d. Let y = -751 - -915. Calculate the remainder when y is divided by w.
32
Suppose 0 = -z + 2*z - 2. Suppose -3*k - 12 = a, k + 2 + z = a. What is the remainder when (-1 - -3) + 59 + (k - -3) is divided by 9?
6
Suppose p + 1117 = 5*u, 0 = 5*p + 120 - 110. Calculate the remainder when u is divided by 32.
31
Let q(r) = -r**3 - 6*r**2 + 6*r - 14. Let g be q(-7). Let c = g - -27. Suppose 3*x - 37 - c = 0. Calculate the remainder when 130 is divided by x.
16
Suppose -41*s = -48*s + 35. Suppose d + 8*q - 3*q = 142, -3*d - s*q = -466. What is the remainder when d is divided by 42?
36
Suppose i - 1 = -2*c, 2*c + c = 4*i - 26. Suppose 6*s - 302 = -2*x + 3*s, i*x + 5*s = 755. Calculate the remainder when x is divided by 22.
19
Let k(l) = -l**2 + 8*l + 22. Let h be k(12). What is the remainder when h/12*36/(-14 - -8) is divided by (-6)/(-21) + (-52)/(-14)?
1
Let n(w) = 2*w**2 - 15*w + 33. Let c be n(4). Suppose -j + 42 = c*b - 7, -10 = -2*b. What is the remainder when 237 is divided by j?
21
Let z(b) = -23*b + 11. Let o(j) = -35*j + 16. Let x(h) = -5*o(h) + 7*z(h). Let g be x(-2). Let p = 153 + g. Calculate the remainder when p is divided by 41.
40
Suppose -c - f + 42 = -40, f + 242 = 3*c. Calculate the remainder when 270 is divided by c.
27
Calculate the remainder when (57946/14 - -14) + 0 is divided by 134.
133
Let g(r) = 484*r - 129. Let h(v) = 2*v**2 - 3*v + 6. What is the remainder when g(1) is divided by h(6)?
55
Let u(c) = -c - 1. What is the remainder when (583/(-22) - -24) + 42/4 is divided by u(-3)?
0
Suppose 12833 + 1068 = 161*s - 750. What is the remainder when s is divided by 59?
32
Let z(k) = -k**2 - 14*k - 7. Let s be z(-10). Let p be (-170)/12*2 - 32/48. Let j = p + s. Calculate the remainder when 15 is divided by j.
3
Suppose 255 = 3*i - 75. Let l = i - 103. Let k(g) = -g**3 + g**2 + 2*g - 1. What is the remainder when k(-2) is divided by l?
0
Let y(z) = 7*z - 9. Let h(l) = 16*l**2 + 1550*l - 118. What is the remainder when h(-97) is divided by y(7)?
36
Let c(a) = 2*a + 19*a**3 + 18*a**3 - 45*a**3 + 10*a**3 - 15 - a**2. Calculate the remainder when c(3) is divided by 15.
6
Let o(n) = 24*n**2 - 21*n + 21. Let l be o(-5). What is the remainder when ((-100)/6)/(3/(-9)) is divided by l/(-102) + 7 + (-1776)/(-68)?
24
Let p(l) = l**3 - 13*l**2 - 30*l + 203. Calculate the remainder when p(16) is divided by 79.
17
Let v = 4544 - 4412. What is the remainder when 257 is divided by v?
125
Suppose -2*i - 978 = -2*u, i + 4*u = 4*i + 1469. Let n = i + 519. What is the remainder when 90 is divided by n?
26
Suppose -342*p = -26460 - 19710. What is the remainder when 7557 is divided by p?
132
Let n be 116/6 + -5 + 28/6. Suppose 3*i + 5*d = 211, 0 = 4*i + d - 251 - n. What is the remainder when 266 is divided by i?
65
Let x(t) = -34*t**2 - 2*t + 1. Let i(v) = -34*v**2 - 3*v + 2. Let m(o) = 6*i(o) - 7*x(o). Calculate the remainder when 103 is divided by m(1).
33
Let b(p) = 4*p**2 - 84*p + 733. Calculate the remainder when b(16) is divided by 151.
111
Let b be (-204)/10 + 1 - 2/(-5). What is the remainder when 57 is divided by ((-342)/b - 5*1) + -1?
9
Suppose 294784 = -353*a + 465*a. What is the remainder when a is divided by 31?
28
Let j = 112 + -112. Suppose -